{"id":584,"date":"2020-10-12T13:05:45","date_gmt":"2020-10-12T12:05:45","guid":{"rendered":"http:\/\/omn.ie\/?page_id=584"},"modified":"2025-12-18T20:49:41","modified_gmt":"2025-12-18T20:49:41","slug":"ronndliqertcominans","status":"publish","type":"page","link":"http:\/\/omn.ie\/index.php\/ronndliqertcominans\/","title":{"rendered":"Ron\u2018nDl\u00edQert&#038;ComInans"},"content":{"rendered":"<h1 style=\"text-align: left;\"><a href=\"http:\/\/omn.ie\" target=\"_blank\" rel=\"noopener\"><img loading=\"lazy\" decoding=\"async\" class=\"alignnone size-full wp-image-2653\" src=\"http:\/\/omn.ie\/wp-content\/uploads\/2020\/10\/RonDliQert7ComOnns.png\" alt=\"\" width=\"209\" height=\"209\" srcset=\"http:\/\/omn.ie\/wp-content\/uploads\/2020\/10\/RonDliQert7ComOnns.png 209w, http:\/\/omn.ie\/wp-content\/uploads\/2020\/10\/RonDliQert7ComOnns-150x150.png 150w, http:\/\/omn.ie\/wp-content\/uploads\/2020\/10\/RonDliQert7ComOnns-66x66.png 66w\" sizes=\"auto, (max-width: 209px) 100vw, 209px\" \/><\/a>Ro\u00f1 \u2018n \u0134\u013c\u00ed, \u03a7e\u03c1\u03c4 &amp; Co\u03bcInn\u03c8<\/h1>\n<p>x<\/p>\n<p><a href=\"http:\/\/omn.ie\/wp-content\/uploads\/2015\/05\/HSE-attack.png\"><img loading=\"lazy\" decoding=\"async\" class=\"wp-image-3823 aligncenter\" src=\"http:\/\/omn.ie\/wp-content\/uploads\/2015\/05\/HSE-attack-300x158.png\" alt=\"\" width=\"771\" height=\"406\" srcset=\"http:\/\/omn.ie\/wp-content\/uploads\/2015\/05\/HSE-attack-300x158.png 300w, http:\/\/omn.ie\/wp-content\/uploads\/2015\/05\/HSE-attack-768x404.png 768w, http:\/\/omn.ie\/wp-content\/uploads\/2015\/05\/HSE-attack-1024x538.png 1024w, http:\/\/omn.ie\/wp-content\/uploads\/2015\/05\/HSE-attack.png 1121w\" sizes=\"auto, (max-width: 771px) 100vw, 771px\" \/><\/a><span style=\"color: #000000;\"><strong>x<\/strong><\/span><\/p>\n<h1><span style=\"color: #ff0000;\"><strong>The Irish so-called &#8220;Health Service Executive&#8221; is still advertising &#8220;Covid-19 vaccine&#8221; to &#8220;protect people*&#8221;.<\/strong><\/span><\/h1>\n<h1><span style=\"color: #ff0000;\"><strong>That makes every employee that has anything to do with this deliberate deadly misinformation is guilty of willful mass murder.<\/strong><\/span><\/h1>\n<h1><span style=\"color: #ff0000;\"><strong>The proofs of guilt are numerous and it&#8217;s time we got court hearings.<\/strong><\/span><\/h1>\n<p><span style=\"color: #000000;\"><strong>* Quote from HSE online info &lt;New bivalent COVID-19 vaccines are now being offered as booster doses. These adapted vaccines are expected to give you better protection against COVID-19, including the Omicron variant.&gt;<\/strong><\/span><\/p>\n<p style=\"text-align: center;\">x<\/p>\n<h2 style=\"text-align: left;\">Below is the only information you need to know to be 100% certain that innocent and defenceless Irish people are being systematically mass-murdered by the Irish government!<\/h2>\n<h2 style=\"text-align: left;\">My first statement was published on the 24th April 2020. The truth is known by common sense and is in NO doubt. <strong>The delay in the arrest of these murderers is not a conspiracy-theory, but a conspiracy proven.<\/strong><br \/>\n<strong>I stand over every word and will be corrected if wrong.<\/strong><\/h2>\n<h2 style=\"text-align: left;\">The videos below are of my initial witness statements:<\/h2>\n<h3 style=\"text-align: left;\"><a href=\"https:\/\/www.bitchute.com\/video\/U9teqdjfVN7E\/\">Below is my first statement of 24 April 2020:<\/a><\/h3>\n<div class=\"wp-video\" style=\"width: 320px;\"><video id=\"video-2-1\" class=\"wp-video-shortcode\" preload=\"metadata\" controls=\"controls\" width=\"855\" height=\"855\"><source type=\"video\/mp4\" src=\"http:\/\/omn.ie\/wp-content\/uploads\/2015\/05\/zWitnessStatement.mp4?_=1\" \/><a href=\"http:\/\/omn.ie\/wp-content\/uploads\/2015\/05\/zWitnessStatement.mp4\">http:\/\/omn.ie\/wp-content\/uploads\/2015\/05\/zWitnessStatement.mp4<\/a><\/video><\/div>\n<h3 style=\"text-align: left;\"><a href=\"https:\/\/www.bitchute.com\/video\/asGO6E4uwumC\/\">and my second statement of 12 December 2020<\/a><\/h3>\n<div class=\"wp-video\" style=\"width: 480px;\"><video id=\"video-2-2\" class=\"wp-video-shortcode\" preload=\"metadata\" controls=\"controls\" width=\"480\" height=\"360\"><source type=\"video\/mp4\" src=\"http:\/\/omn.ie\/wp-content\/uploads\/2021\/08\/LeoMurdersIrish.mp4?_=2\" \/><a href=\"http:\/\/omn.ie\/wp-content\/uploads\/2021\/08\/LeoMurdersIrish.mp4\">http:\/\/omn.ie\/wp-content\/uploads\/2021\/08\/LeoMurdersIrish.mp4<\/a><\/video><\/div>\n<h3 style=\"text-align: left;\">Both these statements were reported to An Garda S\u00edoch\u00e1na on 18 December 2020:<\/h3>\n<h3 style=\"text-align: left;\">Pulse I.D.\/Incident number 19091862.<\/h3>\n<h1 dir=\"auto\" style=\"text-align: left;\" data-lineheight=\"24\" data-fontsize=\"16\">The video below is more than just a reading of the flyer.<\/h1>\n<h1 dir=\"auto\" style=\"text-align: left;\" data-lineheight=\"24\" data-fontsize=\"16\">It is actually my third statement:<\/h1>\n<div class=\"wp-video\" style=\"width: 640px;\"><video id=\"video-2-5\" class=\"wp-video-shortcode\" preload=\"metadata\" controls=\"controls\" width=\"640\" height=\"360\"><source type=\"video\/mp4\" src=\"http:\/\/omn.ie\/wp-content\/uploads\/2015\/05\/211010-1920LeafletRe5PrioritiesProofsOfMurder2.mp4?_=5\" \/><a href=\"http:\/\/omn.ie\/wp-content\/uploads\/2015\/05\/211010-1920LeafletRe5PrioritiesProofsOfMurder2.mp4\">http:\/\/omn.ie\/wp-content\/uploads\/2015\/05\/211010-1920LeafletRe5PrioritiesProofsOfMurder2.mp4<\/a><\/video><\/div>\n<p>x<\/p>\n<h1><strong>Protection and Promotion of these Mass-Murderers.<\/strong><\/h1>\n<div style=\"width: 669px;\" class=\"wp-video\"><video class=\"wp-video-shortcode\" id=\"video-584-1\" width=\"669\" height=\"376\" preload=\"metadata\" controls=\"controls\"><source type=\"video\/mp4\" src=\"http:\/\/omn.ie\/wp-content\/uploads\/2015\/05\/ProtectionPromotionMassMurderersOct2020.mp4?_=1\" \/><a href=\"http:\/\/omn.ie\/wp-content\/uploads\/2015\/05\/ProtectionPromotionMassMurderersOct2020.mp4\">http:\/\/omn.ie\/wp-content\/uploads\/2015\/05\/ProtectionPromotionMassMurderersOct2020.mp4<\/a><\/video><\/div>\n<p>x<\/p>\n<h1><span style=\"color: #000000;\">16 Sa\u03bc\u00f1 2022: Conclusive arguments for Direct Democracy.<\/span><\/h1>\n<p><span style=\"color: #000000;\">When consensus is replaced by the manoeuvrings of people trying to launder and bribe as much money (.i. resources) as possible from the &#8220;system&#8221;, <strong>no decision can ever be based on facts and reality<\/strong>.<\/span><br \/>\n<span style=\"color: #000000;\">The whole system of &#8220;Parliamentary Democracy&#8221; that is currently forced on most of the world by the British and the empire of their associates in &#8220;legal&#8221; criminality is guaranteed almost never to make the correct decision.<\/span><br \/>\n<span style=\"color: #000000;\">This madness they call &#8220;Democracy&#8221; has led us to the current deadly state where the world is on the brink of ecological and social disaster when <span style=\"color: #ff0000;\"><strong>the solution is absolutely simple and straightforward<\/strong><\/span>, but would have no way of making a profit for the parasites who endanger us all in their never-ending quest for more power and wealth for their lunatic selves.<\/span><br \/>\n<span style=\"color: #000000;\">Our <a href=\"http:\/\/omn.ie\/index.php\/poblctnhern2020\/\" target=\"_blank\" rel=\"noopener noreferrer\"><span style=\"color: #008000;\"><strong>Pnh\u00c92020-<\/strong><\/span><\/a> is the way forward. It is the correct model for Global Governance that has been censored, ignored, ridiculed and almost made to disappear by the wasters who now control you.<\/span><\/p>\n<p><span style=\"color: #000000;\">Is mise, ar son Pnh\u00c92020-,<\/span><\/p>\n<p><span style=\"color: #000000;\">Proinsias<\/span><\/p>\n<p>x<\/p>\n<h1><strong><a href=\"http:\/\/omn.ie\/wp-content\/uploads\/2020\/10\/Ancient_laws_of_IrelandVol-1.pdf\" target=\"_blank\" rel=\"noopener noreferrer\">Senchus Mo\u0301r 1<\/a><\/strong><\/h1>\n<h1><strong><a href=\"http:\/\/omn.ie\/wp-content\/uploads\/2020\/10\/Ancient_laws_of_Ireland_Senchus_Mo\u0301r_pt2.pdf\" target=\"_blank\" rel=\"noopener noreferrer\">Senchus Mo\u0301r 2<\/a><\/strong><\/h1>\n","protected":false},"excerpt":{"rendered":"<p>Ro\u00f1 \u2018n \u0134\u013c\u00ed, \u03a7e\u03c1\u03c4 &amp; Co\u03bcInn\u03c8 x x The Irish so-called &#8220;Health Service Executive&#8221; is still advertising &#8220;Covid-19 vaccine&#8221; to &#8220;protect people*&#8221;. That makes every employee that has anything to do with this deliberate deadly misinformation is guilty of willful mass murder. The proofs of guilt are numerous and it&#8217;s time we got court hearings. [&hellip;]<\/p>\n","protected":false},"author":2,"featured_media":0,"parent":0,"menu_order":0,"comment_status":"closed","ping_status":"closed","template":"","meta":{"footnotes":""},"class_list":["post-584","page","type-page","status-publish","hentry"],"_links":{"self":[{"href":"http:\/\/omn.ie\/index.php\/wp-json\/wp\/v2\/pages\/584","targetHints":{"allow":["GET"]}}],"collection":[{"href":"http:\/\/omn.ie\/index.php\/wp-json\/wp\/v2\/pages"}],"about":[{"href":"http:\/\/omn.ie\/index.php\/wp-json\/wp\/v2\/types\/page"}],"author":[{"embeddable":true,"href":"http:\/\/omn.ie\/index.php\/wp-json\/wp\/v2\/users\/2"}],"replies":[{"embeddable":true,"href":"http:\/\/omn.ie\/index.php\/wp-json\/wp\/v2\/comments?post=584"}],"version-history":[{"count":27,"href":"http:\/\/omn.ie\/index.php\/wp-json\/wp\/v2\/pages\/584\/revisions"}],"predecessor-version":[{"id":8912,"href":"http:\/\/omn.ie\/index.php\/wp-json\/wp\/v2\/pages\/584\/revisions\/8912"}],"wp:attachment":[{"href":"http:\/\/omn.ie\/index.php\/wp-json\/wp\/v2\/media?parent=584"}],"curies":[{"name":"wp","href":"https:\/\/api.w.org\/{rel}","templated":true}]}}